{"id":1158,"date":"2025-03-19T08:09:54","date_gmt":"2025-03-19T08:09:54","guid":{"rendered":"https:\/\/mp2kwidzyn.pl\/?page_id=1158"},"modified":"2026-01-19T12:59:08","modified_gmt":"2026-01-19T12:59:08","slug":"programy-i-projekty-edukacyjne","status":"publish","type":"page","link":"https:\/\/mp2kwidzyn.pl\/index.php\/programy-i-projekty-edukacyjne\/","title":{"rendered":"Programy i projekty edukacyjne"},"content":{"rendered":"<p><img loading=\"lazy\" decoding=\"async\" class=\"alignnone size-full wp-image-665\" src=\"https:\/\/mp2kwidzyn.pl\/wp-content\/uploads\/2025\/02\/logozolowkiem.png\" alt=\"\" width=\"212\" height=\"97\" \/><\/p>\n<p style=\"text-align: left;\"><strong>PROGRAMY I PROJEKTY REALIZOWAZNE W ROKU SZKOLNYM 2025\/2026<\/strong><\/p>\n<p>Realizujemy modu\u0142 przedszkolny ( \u017cycie codzienne) &#8222;<em><strong>Jak sta\u0107 si\u0119 bardziej samodzielnym<\/strong><\/em>&#8221; z wykorzystaniem metody <strong>M. Montessori<\/strong>.<\/p>\n<p>Rozwijamy talenty w przedszkolu poprzez udzia\u0142 dzieci w bezp\u0142atnych projektach edukacyjnych:<\/p>\n<p>\u201e<em><strong>Ma\u0142y Mi\u015b w \u015bwiecie wielkiej literatury<\/strong><\/em>\u201d &#8211; og\u00f3lnopolski projekt rozwijaj\u0105cy czytelnictwo i kompetencje; zgodny z wytycznymi MEN;<\/p>\n<p>\u201e<em><strong>Kolorowe uczucia Gucia<\/strong><\/em>\u201d &#8211; mi\u0119dzynarodowy projekt edukacyjny<\/p>\n<p>\u201e<em><strong>20 minut dla matematyki<\/strong><\/em>\u201d &#8211; og\u00f3lnopolski projekt edukacyjny<\/p>\n<p>\u201e<em><strong>Bezpieczny przedszkolak<\/strong><\/em>\u201d &#8211; projekt edukacyjny<\/p>\n<p>&#8222;<em><strong>Jak rozmawia\u0107 o niepe\u0142nosprawno\u015bci<\/strong><\/em>&#8222;- og\u00f3lnopolski projekt edukacyjny<\/p>\n<p>&#8222;<em><strong>Poznajemy \u015bwiat z Puciem<\/strong><\/em>&#8222;- og\u00f3lnopolski projekt edukacyjny<\/p>\n<p>&#8222;<em><strong>Eko przedszkolanki<\/strong><\/em>&#8222;- og\u00f3lnopolski projekt edukacyjny<\/p>\n<p>&#8222;<em><strong>Czuciaki z krainy emocji<\/strong><\/em>&#8221; &#8211; og\u00f3lnopolski projekt edukacyjny<\/p>\n<p>&#8221; <em><strong>Ma\u0142y odkrywca zdrowia<\/strong><\/em>&#8222;- og\u00f3lnopolski projekt edukacyjny<\/p>\n<p>&#8221; <em><strong>Dziel si\u0119 u\u015bmiechem<\/strong><\/em>&#8222;- og\u00f3lnopolski\u00a0 program edukacyjny<\/p>\n<p>&#8222;<em><strong>Zakodowana kraina przyg\u00f3d Zosi- zabawy interaktywne<\/strong><\/em>&#8222;- mi\u0119dzynarodowy projekt edukacyjny<\/p>\n<p>&#8221; <em><strong>Uwa\u017cno\u015b\u0107 motyla<\/strong><\/em>&#8222;- joga i uwa\u017cno\u015b\u0107,<\/p>\n<p>&#8221; <em><strong>Angielski jest fun-tastyczny<\/strong><\/em>&#8222;- og\u00f3lnopolski projekt edukacyjny<\/p>\n<p>&#8221; <strong>Sk\u0105d si\u0119 bior\u0105 produkty ekologiczne<\/strong>&#8222;- og\u00f3lnopolski projekt edukacyjny<\/p>\n<p>&#8221; <em><strong>Cyfrowe laboratorium<\/strong><\/em>&#8222;-og\u00f3lnopolski\u00a0 projekt edukacyjny<\/p>\n<p>&#8221; <em><strong>Plastu\u015b weso\u0142y zaprowadzi nas do szko\u0142y<\/strong><\/em>&#8222;-og\u00f3lnopolski projekt edukacyjny<\/p>\n<p>&#8221; <em><strong>Alfabet logopedyczny<\/strong><\/em>&#8222;- og\u00f3lnopolski projekt edukacyjny<\/p>\n<p>&#8221; <em><strong>Kodowanie na dywanie<\/strong><\/em>&#8222;- og\u00f3lnopolski\u00a0 projekt edukacyjny<\/p>\n<p>&#8221; <em><strong>Razem w r\u00f3\u017cnorodno\u015bci<\/strong><\/em>&#8222;- og\u00f3lnopolski projekt edukacyjny<\/p>\n<p>&#8221; <em><strong>Mog\u0119 by\u0107 kim chc\u0119<\/strong><\/em>&#8222;- og\u00f3lnopolski projekt edukacyjny<\/p>\n<p>&nbsp;<\/p>\n<p>&nbsp;<\/p>\n<p>.<\/p>\n","protected":false},"excerpt":{"rendered":"<p>PROGRAMY I PROJEKTY REALIZOWAZNE W ROKU SZKOLNYM 2025\/2026 Realizujemy modu\u0142 przedszkolny ( \u017cycie codzienne) &#8222;Jak sta\u0107 si\u0119 bardziej samodzielnym&#8221; z wykorzystaniem metody M. Montessori. Rozwijamy talenty w przedszkolu poprzez udzia\u0142 dzieci w bezp\u0142atnych projektach edukacyjnych: \u201eMa\u0142y Mi\u015b w \u015bwiecie wielkiej literatury\u201d &#8211; og\u00f3lnopolski projekt rozwijaj\u0105cy czytelnictwo i kompetencje; zgodny z wytycznymi MEN; \u201eKolorowe uczucia Gucia\u201d &hellip; <\/p>\n<p class=\"link-more\"><a href=\"https:\/\/mp2kwidzyn.pl\/index.php\/programy-i-projekty-edukacyjne\/\" class=\"more-link\">Continue reading<span class=\"screen-reader-text\"> &#8222;Programy i projekty edukacyjne&#8221;<\/span><\/a><\/p>\n","protected":false},"author":1,"featured_media":0,"parent":0,"menu_order":0,"comment_status":"closed","ping_status":"closed","template":"","meta":{"footnotes":""},"class_list":["post-1158","page","type-page","status-publish","hentry"],"_links":{"self":[{"href":"https:\/\/mp2kwidzyn.pl\/index.php\/wp-json\/wp\/v2\/pages\/1158","targetHints":{"allow":["GET"]}}],"collection":[{"href":"https:\/\/mp2kwidzyn.pl\/index.php\/wp-json\/wp\/v2\/pages"}],"about":[{"href":"https:\/\/mp2kwidzyn.pl\/index.php\/wp-json\/wp\/v2\/types\/page"}],"author":[{"embeddable":true,"href":"https:\/\/mp2kwidzyn.pl\/index.php\/wp-json\/wp\/v2\/users\/1"}],"replies":[{"embeddable":true,"href":"https:\/\/mp2kwidzyn.pl\/index.php\/wp-json\/wp\/v2\/comments?post=1158"}],"version-history":[{"count":5,"href":"https:\/\/mp2kwidzyn.pl\/index.php\/wp-json\/wp\/v2\/pages\/1158\/revisions"}],"predecessor-version":[{"id":4308,"href":"https:\/\/mp2kwidzyn.pl\/index.php\/wp-json\/wp\/v2\/pages\/1158\/revisions\/4308"}],"wp:attachment":[{"href":"https:\/\/mp2kwidzyn.pl\/index.php\/wp-json\/wp\/v2\/media?parent=1158"}],"curies":[{"name":"wp","href":"https:\/\/api.w.org\/{rel}","templated":true}]}}