{"id":261,"date":"2025-02-25T20:12:50","date_gmt":"2025-02-25T20:12:50","guid":{"rendered":"https:\/\/mp2kwidzyn.pl\/?page_id=261"},"modified":"2025-02-25T20:48:43","modified_gmt":"2025-02-25T20:48:43","slug":"konsultacje","status":"publish","type":"page","link":"https:\/\/mp2kwidzyn.pl\/index.php\/konsultacje\/","title":{"rendered":"Konsultacje"},"content":{"rendered":"<p>Konsultacje z nauczycielami mo\u017cliwe s\u0105 podczas zebra\u0144 i konsultacji dla rodzic\u00f3w (wg planu na dany rok szkolny) lub po uprzednim um\u00f3wieniu si\u0119 z nauczycielem.<br \/>\nO post\u0119pach dziecka rodzice mog\u0105 si\u0119 zapozna\u0107 podczas konsultacji i\u00a0spotka\u0144.<\/p>\n","protected":false},"excerpt":{"rendered":"<p>Konsultacje z nauczycielami mo\u017cliwe s\u0105 podczas zebra\u0144 i konsultacji dla rodzic\u00f3w (wg planu na dany rok szkolny) lub po uprzednim um\u00f3wieniu si\u0119 z nauczycielem. O post\u0119pach dziecka rodzice mog\u0105 si\u0119 zapozna\u0107 podczas konsultacji i\u00a0spotka\u0144.<\/p>\n","protected":false},"author":1,"featured_media":0,"parent":0,"menu_order":0,"comment_status":"closed","ping_status":"closed","template":"","meta":{"footnotes":""},"class_list":["post-261","page","type-page","status-publish","hentry"],"_links":{"self":[{"href":"https:\/\/mp2kwidzyn.pl\/index.php\/wp-json\/wp\/v2\/pages\/261","targetHints":{"allow":["GET"]}}],"collection":[{"href":"https:\/\/mp2kwidzyn.pl\/index.php\/wp-json\/wp\/v2\/pages"}],"about":[{"href":"https:\/\/mp2kwidzyn.pl\/index.php\/wp-json\/wp\/v2\/types\/page"}],"author":[{"embeddable":true,"href":"https:\/\/mp2kwidzyn.pl\/index.php\/wp-json\/wp\/v2\/users\/1"}],"replies":[{"embeddable":true,"href":"https:\/\/mp2kwidzyn.pl\/index.php\/wp-json\/wp\/v2\/comments?post=261"}],"version-history":[{"count":2,"href":"https:\/\/mp2kwidzyn.pl\/index.php\/wp-json\/wp\/v2\/pages\/261\/revisions"}],"predecessor-version":[{"id":299,"href":"https:\/\/mp2kwidzyn.pl\/index.php\/wp-json\/wp\/v2\/pages\/261\/revisions\/299"}],"wp:attachment":[{"href":"https:\/\/mp2kwidzyn.pl\/index.php\/wp-json\/wp\/v2\/media?parent=261"}],"curies":[{"name":"wp","href":"https:\/\/api.w.org\/{rel}","templated":true}]}}