{"id":272,"date":"2025-02-25T20:19:17","date_gmt":"2025-02-25T20:19:17","guid":{"rendered":"https:\/\/mp2kwidzyn.pl\/?page_id=272"},"modified":"2025-02-25T20:45:16","modified_gmt":"2025-02-25T20:45:16","slug":"przedmiot-dzialalnosci","status":"publish","type":"page","link":"https:\/\/mp2kwidzyn.pl\/index.php\/przedmiot-dzialalnosci\/","title":{"rendered":"Przedmiot dzia\u0142alno\u015bci"},"content":{"rendered":"<p>Plac\u00f3wka o\u015bwiatowa realizuj\u0105ca zadania wynikaj\u0105ce z Ustawy o Systemie O\u015bwiaty i Prawa O\u015bwiatowego.<br \/>\nPrzedszkole realizuje program:<\/p>\n<h2><a href=\"https:\/\/kwidzyn.pl\/wp-content\/uploads\/2021\/05\/mp2_progr.pdf\">\u201eOrganizacja pracy Miejskiego Przedszkola nr 2 w Kwidzynie\u201d<\/a><\/h2>\n<p>opracowany przez dyrektora szko\u0142y na lata 2021\/2022 \u2013 2025\/2026, rozszerzony do roku 2026\/2027.<br \/>\nDokument ten znajduje si\u0119 w sekretariacie przedszkola.<\/p>\n<p><a href=\"https:\/\/kwidzyn.pl\/wp-content\/uploads\/2021\/05\/mp2_progr.pdf\">Pobierz dokument<\/a>.<\/p>\n","protected":false},"excerpt":{"rendered":"<p>Plac\u00f3wka o\u015bwiatowa realizuj\u0105ca zadania wynikaj\u0105ce z Ustawy o Systemie O\u015bwiaty i Prawa O\u015bwiatowego. Przedszkole realizuje program: \u201eOrganizacja pracy Miejskiego Przedszkola nr 2 w Kwidzynie\u201d opracowany przez dyrektora szko\u0142y na lata 2021\/2022 \u2013 2025\/2026, rozszerzony do roku 2026\/2027. Dokument ten znajduje si\u0119 w sekretariacie przedszkola. Pobierz dokument.<\/p>\n","protected":false},"author":1,"featured_media":0,"parent":0,"menu_order":0,"comment_status":"closed","ping_status":"closed","template":"","meta":{"footnotes":""},"class_list":["post-272","page","type-page","status-publish","hentry"],"_links":{"self":[{"href":"https:\/\/mp2kwidzyn.pl\/index.php\/wp-json\/wp\/v2\/pages\/272","targetHints":{"allow":["GET"]}}],"collection":[{"href":"https:\/\/mp2kwidzyn.pl\/index.php\/wp-json\/wp\/v2\/pages"}],"about":[{"href":"https:\/\/mp2kwidzyn.pl\/index.php\/wp-json\/wp\/v2\/types\/page"}],"author":[{"embeddable":true,"href":"https:\/\/mp2kwidzyn.pl\/index.php\/wp-json\/wp\/v2\/users\/1"}],"replies":[{"embeddable":true,"href":"https:\/\/mp2kwidzyn.pl\/index.php\/wp-json\/wp\/v2\/comments?post=272"}],"version-history":[{"count":6,"href":"https:\/\/mp2kwidzyn.pl\/index.php\/wp-json\/wp\/v2\/pages\/272\/revisions"}],"predecessor-version":[{"id":297,"href":"https:\/\/mp2kwidzyn.pl\/index.php\/wp-json\/wp\/v2\/pages\/272\/revisions\/297"}],"wp:attachment":[{"href":"https:\/\/mp2kwidzyn.pl\/index.php\/wp-json\/wp\/v2\/media?parent=272"}],"curies":[{"name":"wp","href":"https:\/\/api.w.org\/{rel}","templated":true}]}}